NOAA-Style Climate Reports

Select a Year or Month report
2019: Jan Feb Mar Apr May Jun Jul Aug Sep Oct Nov Dec
2018: Jan Feb Mar Apr May Jun Jul Aug Sep Oct Nov Dec
2017: Jan Feb Mar Apr May Jun Jul Aug Sep Oct Nov Dec
2016: Jan Feb Mar Apr May Jun Jul Aug Sep Oct Nov Dec

Report for 2019 July
                   Monthly Climatological Summary for Jul 2019

Name: Weather South Central Topeka   City: Topeka   State: KS
Elevation: 278 m  Lat: N 39° 01' 34"   Lon: W 095° 42' 31"

                  Temperature (°F), Rain (in), Wind Speed (mph)

                                      Heat  Cool        Avg
    Mean                              Deg   Deg         Wind                 Dom
Day Temp  High   Time   Low    Time   Days  Days  Rain  Speed High   Time    Dir
----------------------------------------------------------------------------------
 1  81.6  92.8   18:50  70.8   05:49   0.0  16.6  0.00   0.0   2.0   10:56   ---
 2  81.9  92.8   18:11  72.6   05:18   0.0  16.9  0.00   0.0   0.0   00:00   ---
 3  79.1  87.3   14:31  71.8   06:50   0.0  14.1  0.00   0.0   1.0   10:26   ---
 4  76.4  82.9   16:37  71.4   07:18   0.0  11.4  1.04   0.0   2.0   12:21   ---
 5  77.3  82.6   12:13  72.4   05:47   0.0  12.3  0.00   0.0   2.0   02:25   ---
 6  76.6  86.6   18:58  71.8   06:11   0.0  11.6  0.00   0.0   5.0   18:43   NNE
 7  80.3  88.7   16:03  72.8   03:07   0.0  15.3  0.00   0.1   5.0   15:04   NNE
 8  80.5  88.9   15:22  71.8   06:22   0.0  15.2  0.00   0.0   2.0   08:53   ---
 9  80.2  95.7   15:36  68.5   06:17   0.0  13.3  0.47   0.1   8.1   14:50     S
10  77.9  89.4   13:12  70.7   09:04   0.0  12.9  0.18   1.0  15.4   07:57   NNW
11  76.0  84.6   12:06  69.4   06:08   0.0  11.0  0.00   1.0  10.5   14:46     N
12  78.3  89.1   11:25  69.1   05:51   0.0  13.2  0.00   0.4   6.3   18:26    SE
13  79.7  94.1   14:20  69.8   06:02   0.0  14.5  0.00   0.3   7.1   13:38    SE
14  80.8  92.5   16:35  71.6   06:24   0.0  15.8  0.00   0.3   7.9   20:20   SSE
15  80.4  90.3   15:20  73.9   06:33   0.0  15.4  0.00   0.5   6.5   11:50   ESE
16  80.8  94.1   15:57  72.9   06:26   0.0  15.8  0.00   0.4   8.4   15:21     S
17  86.0  99.1   15:06  77.7   06:06   0.0  21.0  0.00   1.6  14.2   15:57     S
18  87.7 109.2   11:40  79.5   06:24   0.0  22.7  0.00   2.6  13.7   16:36     S
19  86.4 101.1   14:27  78.1   06:39   0.0  21.4  0.00   2.5  11.7   16:41     S
----------------------------------------------------------------------------------
    80.4 109.2    18    68.5     9     0.0 290.4  1.69   0.6  15.4    10     SSE

Max >=  80.0: 19
Max <=  32.0:  0
Min <=  32.0:  0
Min <=   0.0:  0
Max Rain: 1.04 on day 4
Days of Rain: 3 (>= 0.01 in)  3 (>= 0.10 in)  1 (>= 1.00 in)
Heat Base: 65.0  Cool Base: 65.0  Method: Integration